{"id":25,"date":"2012-07-03T20:17:10","date_gmt":"2012-07-03T19:17:10","guid":{"rendered":"http:\/\/www.gerardbresson.fr\/?page_id=25"},"modified":"2016-05-24T18:01:39","modified_gmt":"2016-05-24T16:01:39","slug":"intimites","status":"publish","type":"page","link":"http:\/\/www.gerardbresson.fr\/?page_id=25","title":{"rendered":"Intimit\u00e9s"},"content":{"rendered":"<p>G\u00e9rard BRESSON aime les femmes; ses mains leur parlent d&rsquo;amour depuis\u00a0plus de 10 ans.<\/p>\n<p>Il ne cr\u00e9e pas des statues f\u00e9minines, il sculpte le d\u00e9sir&#8230; l&rsquo;\u00e9motion&#8230; la\u00a0sensualit\u00e9.<br \/>\nL&rsquo;artiste saisit des instants suspendus dans le temps, met en sc\u00e8ne des\u00a0moments sans importance, des histoires sans paroles. Il sculpte la vie.<\/p>\n<p>\u00ab\u00a0J&rsquo;aime sculpter des femmes aux attitudes douces, d\u00e9tendues. J&rsquo;aime \u00e0 saisir\u00a0leur f\u00e9minit\u00e9, dans ces moments de solitude o\u00f9, bien \u00e0 l&rsquo;abri des regards\u00a0indiscrets, elles peuvent se laisser aller et vaquer \u00e0 leurs petits secrets sans\u00a0entraves ni t\u00e9moins\u00a0\u00bb<\/p>\n<p style=\"text-align: right;\">G\u00e9rard BRESSON (30.05.2005)<\/p>\n<p style=\"text-align: center;\"><strong><em>Cliquez sur l&rsquo;image pour voir la sculpture sur toutes ses face<\/em><\/strong>s<\/p>\n<div id=\"attachment_290\" style=\"width: 310px\" class=\"wp-caption aligncenter\"><a href=\"http:\/\/www.gerardbresson.fr\/wp-content\/uploads\/2012\/07\/ALLO-TES-OU.gif\"><img aria-describedby=\"caption-attachment-290\" decoding=\"async\" loading=\"lazy\" class=\"wp-image-290 size-medium\" src=\"http:\/\/www.gerardbresson.fr\/wp-content\/uploads\/2012\/07\/ALLO-TES-OU-300x225.gif\" alt=\"ALLO T'ES OU,\" width=\"300\" height=\"225\" \/><\/a><p id=\"caption-attachment-290\" class=\"wp-caption-text\">ALLO T&rsquo;ES OU,<\/p><\/div>\n<div id=\"attachment_294\" style=\"width: 235px\" class=\"wp-caption aligncenter\"><a href=\"http:\/\/www.gerardbresson.fr\/wp-content\/uploads\/2012\/07\/CHALEUR-PRINTANIERE.gif\"><img aria-describedby=\"caption-attachment-294\" decoding=\"async\" loading=\"lazy\" class=\"size-medium wp-image-294\" src=\"http:\/\/www.gerardbresson.fr\/wp-content\/uploads\/2012\/07\/CHALEUR-PRINTANIERE-225x300.gif\" alt=\"CHALEUR PRINTANIERE\" width=\"225\" height=\"300\" \/><\/a><p id=\"caption-attachment-294\" class=\"wp-caption-text\">CHALEUR PRINTANIERE<\/p><\/div>\n<div id=\"attachment_298\" style=\"width: 310px\" class=\"wp-caption aligncenter\"><a href=\"http:\/\/www.gerardbresson.fr\/wp-content\/uploads\/2012\/07\/TANGUE-HAUT.gif\"><img aria-describedby=\"caption-attachment-298\" decoding=\"async\" loading=\"lazy\" class=\"size-medium wp-image-298\" src=\"http:\/\/www.gerardbresson.fr\/wp-content\/uploads\/2012\/07\/TANGUE-HAUT-300x300.gif\" alt=\"TANGUE-HAUT\" width=\"300\" height=\"300\" srcset=\"http:\/\/www.gerardbresson.fr\/wp-content\/uploads\/2012\/07\/TANGUE-HAUT-300x300.gif 300w, http:\/\/www.gerardbresson.fr\/wp-content\/uploads\/2012\/07\/TANGUE-HAUT-150x150.gif 150w\" sizes=\"(max-width: 300px) 100vw, 300px\" \/><\/a><p id=\"caption-attachment-298\" class=\"wp-caption-text\">TANGUE-HAUT<\/p><\/div>\n<div id=\"attachment_296\" style=\"width: 255px\" class=\"wp-caption aligncenter\"><a href=\"http:\/\/www.gerardbresson.fr\/wp-content\/uploads\/2012\/07\/QQLES-GRAMMES-DE-CELLULITE.gif\"><img aria-describedby=\"caption-attachment-296\" decoding=\"async\" loading=\"lazy\" class=\"wp-image-296 size-medium\" src=\"http:\/\/www.gerardbresson.fr\/wp-content\/uploads\/2012\/07\/QQLES-GRAMMES-DE-CELLULITE-245x300.gif\" alt=\"QUELQUES GRAMMES DE CELLULITE\" width=\"245\" height=\"300\" \/><\/a><p id=\"caption-attachment-296\" class=\"wp-caption-text\">QUELQUES GRAMMES DE CELLULITE<\/p><\/div>\n<div id=\"attachment_295\" style=\"width: 235px\" class=\"wp-caption aligncenter\"><a href=\"http:\/\/www.gerardbresson.fr\/wp-content\/uploads\/2012\/07\/LECTURE-AU-JARDIN.gif\"><img aria-describedby=\"caption-attachment-295\" decoding=\"async\" loading=\"lazy\" class=\"size-medium wp-image-295\" src=\"http:\/\/www.gerardbresson.fr\/wp-content\/uploads\/2012\/07\/LECTURE-AU-JARDIN-225x300.gif\" alt=\"LECTURE AU JARDIN\" width=\"225\" height=\"300\" \/><\/a><p id=\"caption-attachment-295\" class=\"wp-caption-text\">LECTURE AU JARDIN<\/p><\/div>\n<p style=\"text-align: center;\">\n\t<!-- Thumbnails Link -->\n\t<div class=\"slideshowlink\">\n        <a href='http:\/\/www.gerardbresson.fr\/index.php\/nggallery\/thumbnails?page_id=25'>[voir toutes les photos]<\/a>\n\t<\/div>\n\n<div class=\"ngg-slideshow-image-list ngg-slideshow-nojs\" id=\"ngg-slideshow-342-10541340590-image-list\">\n\t<div id=\"ngg-image-0\" class=\"ngg-gallery-slideshow-image\" >\n\t\t<img data-image-id='26'\n\t\t     title=\"\"\n\t\t     alt=\"201317608b CHALEUR PRINTANIERE\"\n\t\t     src=\"http:\/\/www.gerardbresson.fr\/wp-content\/gallery\/Intimites\/201317608b-CHALEUR-PRINTANIERE.JPG\"\n\t\t     width=\"320\"\n\t\t     height=\"240\"\/>\n\t\t<\/div> \n<div id=\"ngg-image-1\" class=\"ngg-gallery-slideshow-image\" >\n\t\t<img data-image-id='27'\n\t\t     title=\"\"\n\t\t     alt=\"201317608a CHALEUR PRINTANIERE\"\n\t\t     src=\"http:\/\/www.gerardbresson.fr\/wp-content\/gallery\/Intimites\/201317608a-CHALEUR-PRINTANIERE.JPG\"\n\t\t     width=\"320\"\n\t\t     height=\"240\"\/>\n\t\t<\/div> \n<div id=\"ngg-image-2\" class=\"ngg-gallery-slideshow-image\" >\n\t\t<img data-image-id='28'\n\t\t     title=\"\"\n\t\t     alt=\"201317608d CHALEUR PRINTANIERE\"\n\t\t     src=\"http:\/\/www.gerardbresson.fr\/wp-content\/gallery\/Intimites\/201317608d-CHALEUR-PRINTANIERE.JPG\"\n\t\t     width=\"320\"\n\t\t     height=\"240\"\/>\n\t\t<\/div> \n<div id=\"ngg-image-3\" class=\"ngg-gallery-slideshow-image\" >\n\t\t<img data-image-id='29'\n\t\t     title=\"\"\n\t\t     alt=\"201317608f CHALEUR PRINTANIERE\"\n\t\t     src=\"http:\/\/www.gerardbresson.fr\/wp-content\/gallery\/Intimites\/201317608f-CHALEUR-PRINTANIERE.JPG\"\n\t\t     width=\"320\"\n\t\t     height=\"240\"\/>\n\t\t<\/div> \n<div id=\"ngg-image-4\" class=\"ngg-gallery-slideshow-image\" >\n\t\t<img data-image-id='30'\n\t\t     title=\"\"\n\t\t     alt=\"201317608g CHALEUR PRINTANIERE\"\n\t\t     src=\"http:\/\/www.gerardbresson.fr\/wp-content\/gallery\/Intimites\/201317608g-CHALEUR-PRINTANIERE.JPG\"\n\t\t     width=\"320\"\n\t\t     height=\"240\"\/>\n\t\t<\/div> \n<div id=\"ngg-image-5\" class=\"ngg-gallery-slideshow-image\" >\n\t\t<img data-image-id='31'\n\t\t     title=\"\"\n\t\t     alt=\"201317608h CHALEUR PRINTANIERE\"\n\t\t     src=\"http:\/\/www.gerardbresson.fr\/wp-content\/gallery\/Intimites\/201317608h-CHALEUR-PRINTANIERE.JPG\"\n\t\t     width=\"320\"\n\t\t     height=\"240\"\/>\n\t\t<\/div> \n<\/div>\n<div class=\"ngg-galleryoverview ngg-slideshow\"\n     id=\"ngg-slideshow-342-10541340590\"\n     data-placeholder=\"http:\/\/www.gerardbresson.fr\/wp-content\/plugins\/nextgen-gallery\/products\/photocrati_nextgen\/modules\/nextgen_basic_gallery\/static\/slideshow\/placeholder.gif\"\n     style=\"max-width: 320px; max-height: 240px;\">\n\t<div class=\"ngg-slideshow-loader\"\n\t     id=\"ngg-slideshow-342-10541340590-loader\"\n\t     style=\"width: 320px; height: 240px;\">\n\t\t<img src=\"http:\/\/www.gerardbresson.fr\/wp-content\/plugins\/nextgen-gallery\/products\/photocrati_nextgen\/modules\/ngglegacy\/images\/loader.gif\" alt=\"\"\/>\n\t<\/div>\n<\/div>\n<script type=\"text\/javascript\">\n\tjQuery('#ngg-slideshow-342-10541340590-image-list').hide().removeClass('ngg-slideshow-nojs');\n\tjQuery(function($) {\n\t\tjQuery('#ngg-slideshow-342-10541340590').nggShowSlideshow({\n\t\t\tid: '342',\n\t\t\tfx: 'wipe',\n\t\t\twidth: 320,\n\t\t\theight: 240,\n\t\t\tdomain: 'http:\/\/www.gerardbresson.fr\/',\n\t\t\ttimeout: 5000\t\t});\n\t});\n<\/script>\n<\/p>\n<p style=\"text-align: center;\">Chaleur printani\u00e8re<\/p>\n<p>&nbsp;<\/p>\n<p>&nbsp;<\/p>\n","protected":false},"excerpt":{"rendered":"<p>G\u00e9rard BRESSON aime les femmes; ses mains leur parlent d&rsquo;amour depuis\u00a0plus de 10 ans. Il ne cr\u00e9e pas des statues f\u00e9minines, il sculpte le d\u00e9sir&#8230; l&rsquo;\u00e9motion&#8230; la\u00a0sensualit\u00e9. L&rsquo;artiste saisit des instants suspendus dans le temps, met en sc\u00e8ne des\u00a0moments sans &hellip; <a href=\"http:\/\/www.gerardbresson.fr\/?page_id=25\">Continuer la lecture <span class=\"meta-nav\">&rarr;<\/span><\/a><\/p>\n","protected":false},"author":1,"featured_media":0,"parent":21,"menu_order":2,"comment_status":"closed","ping_status":"closed","template":"onecolumn-page.php","meta":[],"_links":{"self":[{"href":"http:\/\/www.gerardbresson.fr\/index.php?rest_route=\/wp\/v2\/pages\/25"}],"collection":[{"href":"http:\/\/www.gerardbresson.fr\/index.php?rest_route=\/wp\/v2\/pages"}],"about":[{"href":"http:\/\/www.gerardbresson.fr\/index.php?rest_route=\/wp\/v2\/types\/page"}],"author":[{"embeddable":true,"href":"http:\/\/www.gerardbresson.fr\/index.php?rest_route=\/wp\/v2\/users\/1"}],"replies":[{"embeddable":true,"href":"http:\/\/www.gerardbresson.fr\/index.php?rest_route=%2Fwp%2Fv2%2Fcomments&post=25"}],"version-history":[{"count":24,"href":"http:\/\/www.gerardbresson.fr\/index.php?rest_route=\/wp\/v2\/pages\/25\/revisions"}],"predecessor-version":[{"id":364,"href":"http:\/\/www.gerardbresson.fr\/index.php?rest_route=\/wp\/v2\/pages\/25\/revisions\/364"}],"up":[{"embeddable":true,"href":"http:\/\/www.gerardbresson.fr\/index.php?rest_route=\/wp\/v2\/pages\/21"}],"wp:attachment":[{"href":"http:\/\/www.gerardbresson.fr\/index.php?rest_route=%2Fwp%2Fv2%2Fmedia&parent=25"}],"curies":[{"name":"wp","href":"https:\/\/api.w.org\/{rel}","templated":true}]}}