{"id":4,"date":"2012-07-03T20:10:19","date_gmt":"2012-07-03T19:10:19","guid":{"rendered":"http:\/\/www.gerardbresson.fr\/?page_id=4"},"modified":"2015-08-11T17:29:24","modified_gmt":"2015-08-11T15:29:24","slug":"biographie","status":"publish","type":"page","link":"http:\/\/www.gerardbresson.fr\/?page_id=4","title":{"rendered":"Biographie"},"content":{"rendered":"<p align=\"justify\"><a href=\"http:\/\/www.gerardbresson.fr\/wp-content\/uploads\/2012\/07\/photo-GB.jpg\"><img decoding=\"async\" loading=\"lazy\" class=\"alignnone size-medium wp-image-265\" src=\"http:\/\/www.gerardbresson.fr\/wp-content\/uploads\/2012\/07\/photo-GB-300x240.jpg\" alt=\"photo GB\" width=\"300\" height=\"240\" srcset=\"http:\/\/www.gerardbresson.fr\/wp-content\/uploads\/2012\/07\/photo-GB-300x240.jpg 300w, http:\/\/www.gerardbresson.fr\/wp-content\/uploads\/2012\/07\/photo-GB-1024x818.jpg 1024w\" sizes=\"(max-width: 300px) 100vw, 300px\" \/><\/a><\/p>\n<p style=\"text-align: left;\" align=\"CENTER\"><span style=\"font-family: 'Comic Sans MS', fantasy;\"><span style=\"font-size: large;\">G\u00e9rard a commenc\u00e9 sa carri\u00e8re professionnelle comme Chirurgien-dentiste. Attach\u00e9 \u00e0 la facult\u00e9 de Paris 7, il fait partie d&rsquo;un groupe de recherche, et dans ce cadre, illustre pendant plus de 20 ans des publications m\u00e9dicales et param\u00e9dicales<\/span><\/span><\/p>\n<p style=\"text-align: left;\" align=\"CENTER\"><span style=\"font-family: 'Comic Sans MS', fantasy;\"><span style=\"font-size: large;\">Le dessin et la peinture l&rsquo;accompagnent jusqu&rsquo;\u00e0 ce qu&rsquo;il d\u00e9couvre dans l&rsquo;atelier de Juan Carlos Carrillo \u00e0 Ch\u00e2lons en Champagne: la sculpture en 1997<br \/>\n<\/span><\/span><!--more--><\/p>\n<p style=\"text-align: left;\">Tr\u00e8s rapidement il participe \u00e0 des manifestations artistiques :<\/p>\n<p style=\"text-align: left;\"><span style=\"font-family: 'Comic Sans MS', fantasy;\"><span style=\"font-size: large;\">Il obtient le Prix d&rsquo;excellence au Festival International de Sculpture sur neige de Qu\u00e9bec en 2004.<br \/>\nSuivent sa participation en 2005 et 2006 au Salon des Ind\u00e9pendants \u00e0 Paris,<br \/>\npuis 4 s\u00e9lections au Salon des Artistes Fran\u00e7ais en 2005, 2006, 2009,2012, 2013<\/span><\/span><\/p>\n<p style=\"text-align: left;\"><span style=\"font-family: 'Comic Sans MS', fantasy;\"><span style=\"font-size: large;\">Lib\u00e9r\u00e9 de ses activit\u00e9s professionnelles, il s&rsquo;installe en Auvergne o\u00f9 il rejoint \u00ab\u00a0Les Artistes d&rsquo;Auvergne\u00a0\u00bb et l&rsquo;atelier des peintres du Cendre.<\/span><\/span><\/p>\n<p style=\"text-align: left;\"><span style=\"font-family: 'Comic Sans MS', fantasy;\"><span style=\"font-size: large;\">Il expose en ind\u00e9pendant \u00e0 diff\u00e9rents salons<\/span><\/span><\/p>\n<p style=\"text-align: left;\"><span style=\"font-family: 'Comic Sans MS', fantasy;\"><span style=\"font-size: large;\">2008 Grand Prix du Salon International de Haute-Loire au Puy en Velay<\/span><\/span><\/p>\n<p style=\"text-align: left;\"><span style=\"font-family: 'Comic Sans MS', fantasy;\"><span style=\"font-size: large;\">2010 Prix de la ville de Clermont-Fd au Salon des Artistes d&rsquo;Auvergne<\/span><\/span><\/p>\n<p style=\"text-align: left;\"><span style=\"font-family: 'Comic Sans MS', fantasy;\"><span style=\"font-size: large;\">2010 Grand Prix du salon et M\u00e9daille d&rsquo;Or du public \u00e0 Rive-de-Gier<\/span><\/span><\/p>\n<p style=\"text-align: left;\"><span style=\"font-family: 'Comic Sans MS', fantasy;\"><span style=\"font-size: large;\">2011 m\u00e9daill\u00e9 d&rsquo;Or ( sculpture) au 24\u00e8me Carrefour des Arts de Chamali\u00e8res<\/span><\/span><\/p>\n<p style=\"text-align: left;\"><span style=\"font-family: 'Comic Sans MS', fantasy;\"><span style=\"font-size: large;\">2012 Prix de Sculpture et Prix du Public \u00e0 l&rsquo;Hivernal de Lyon,<br \/>\nM\u00e9daill\u00e9 d&rsquo;or au 30 \u00e8me salon du Val du Cher, \u00e0 St Victor<br \/>\nLaur\u00e9at au Carrefour des Arts \u00e0 th\u00e8me \u00e0 Chamali\u00e8res.<br \/>\nPrix du Public au Salon International d&rsquo;Hy\u00e8res dans le Var<br \/>\nM\u00e9daill\u00e9 d&rsquo;or et grand prix du public \u00e0 Rive-de-Gier dans le Rh\u00f4ne<\/span><\/span><\/p>\n<p style=\"text-align: left;\"><span style=\"font-family: 'Comic Sans MS', fantasy;\"><span style=\"font-size: large;\">2013 Expositions personnelles \u00e0 Blanzat, Ceyrat, Mirefleurs<br \/>\n2014 Laur\u00e9at du salon de St Savin, Prix du public \u00e0 Chaponost dans le Rh\u00f4ne<br \/>\n2015 Laur\u00e9at des Rotariennes d&rsquo;Issoire<br \/>\n<\/span><\/span><\/p>\n<p style=\"text-align: left;\"><span style=\"font-family: 'Comic Sans MS', fantasy;\"><span style=\"font-size: large;\">Il sera Invit\u00e9 d&rsquo;Honneur dans de nombreuses expositions:<\/span><\/span><\/p>\n<p style=\"text-align: left;\"><span style=\"font-family: 'Comic Sans MS', fantasy;\"><span style=\"font-size: large;\">2009 Au salon des arm\u00e9es du Sud-Est \u00e0 Thiers,<\/span><\/span><\/p>\n<p style=\"text-align: left;\"><span style=\"font-family: 'Comic Sans MS', fantasy;\"><span style=\"font-size: large;\">\u00e0 l&rsquo;exposition des Artistes d&rsquo;Auvergne \u00e0 Clermont-Ferrand<\/span><\/span><\/p>\n<p style=\"text-align: left;\"><span style=\"font-family: 'Comic Sans MS', fantasy;\"><span style=\"font-size: large;\">2011 22\u00e8me salon des Artistes Chamali\u00e8rois,<br \/>\naux \u00ab\u00a0Arts en Bourbonnais\u00a0\u00bb \u00e0 Vichy, puis \u00e0 Cusset dans l&rsquo;Allier<br \/>\nBusset et Orl\u00e9at dans le Puy de D\u00f4me<br \/>\nau 34\u00e8me salon de Ternay dans le Rh\u00f4ne,<\/span><\/span><\/p>\n<p style=\"text-align: left;\"><span style=\"font-family: 'Comic Sans MS', fantasy;\"><span style=\"font-size: large;\">2012 St Laurent d&rsquo;Agny dans le Rh\u00f4ne, Salon international de Haute Loire au Puy en Velay<br \/>\n2013 Salon Berthelot \u00e0 Lyon, \u00e0 Ambronay en Bourgogne,au Ch\u00e2teau de Talluy dans le Rh\u00f4ne<\/span><\/span><\/p>\n<p style=\"text-align: left;\"><span style=\"font-family: 'Comic Sans MS', fantasy;\"><span style=\"font-size: large;\">2014 37\u00e8me salon de St Florent sur Cher, 17\u00e8me exposition de St Savin dans le Rh\u00f4ne, 20\u00e8me salon d&rsquo;automne d&rsquo;Estivareilles, 17\u00e8me salon de Marsac en Livradois, Mozac en Auvergne<\/span><\/span><\/p>\n<p style=\"text-align: left;\"><span style=\"font-family: 'Comic Sans MS', fantasy;\"><span style=\"font-size: large;\">En plus du dessin et de son habilit\u00e9 manuelle, qui lui sont des dons naturels G\u00e9rard BRESSON poss\u00e8de l&rsquo;imagination. Nul ne peut regarder ses sculptures et pr\u00e9tendre en avoir vu une semblable quelque part<br \/>\n<\/span><\/span><\/p>\n<p style=\"text-align: left;\"><span style=\"font-family: 'Comic Sans MS', fantasy;\"><span style=\"font-size: large;\">De son 1er m\u00e9tier, celui de dentiste, il a gard\u00e9 l&rsquo;habilit\u00e9 manuelle, le sens du d\u00e9tail et une connaissance des mat\u00e9riaux qui lui permet de s&rsquo;affranchir des contraintes techniques pour laisser libre cours \u00e0 son imagination.<br \/>\nIl aime travailler l&rsquo;argile pour sa souplesse, son silence, sa douceur et son indulgence. Elle est pour lui la mati\u00e8re de la spontan\u00e9it\u00e9.<br \/>\nIl mod\u00e8le des terres cuites finement travaill\u00e9es, fait na\u00eetre des figures f\u00e9minines empreintes de douceur et de gr\u00e2ce. Ma\u00eetre de l&rsquo;\u00e9quilibre et du mouvement, il saisit des instants de vie, fige une expression ou un geste fugace.<br \/>\nIl met en relief ces moments privil\u00e9gi\u00e9s o\u00f9 la femme peut enfin \u00eatre naturelle, sans artifices ni spectateurs.\u00a0\u00bbG\u00e9rard Bresson ne cr\u00e9e pas des statues f\u00e9minines, il sculpte le d\u00e9sir&#8230;l&rsquo;\u00e9motion&#8230;la sensualit\u00e9.Il saisit des instants suspendus dans le temps, met en sc\u00e8ne des moments sans importance, des histoires sans parole. G\u00e9rard Bresson sculpte la vie\u00a0\u00bb<br \/>\nN\u00e9es de ses mains de magicien, ces petits brins de femmes s&rsquo;animent, elles se lib\u00e8rent de la pesanteur et s&rsquo;envolent de leur socle, l\u00e9g\u00e8res, libres, vivantes.<br \/>\nCela para\u00eet simple, naturel, \u00e9vident.<\/span><\/span><\/p>\n","protected":false},"excerpt":{"rendered":"<p>G\u00e9rard a commenc\u00e9 sa carri\u00e8re professionnelle comme Chirurgien-dentiste. Attach\u00e9 \u00e0 la facult\u00e9 de Paris 7, il fait partie d&rsquo;un groupe de recherche, et dans ce cadre, illustre pendant plus de 20 ans des publications m\u00e9dicales et param\u00e9dicales Le dessin et &hellip; <a href=\"http:\/\/www.gerardbresson.fr\/?page_id=4\">Continuer la lecture <span class=\"meta-nav\">&rarr;<\/span><\/a><\/p>\n","protected":false},"author":1,"featured_media":0,"parent":0,"menu_order":1,"comment_status":"closed","ping_status":"closed","template":"onecolumn-page.php","meta":[],"_links":{"self":[{"href":"http:\/\/www.gerardbresson.fr\/index.php?rest_route=\/wp\/v2\/pages\/4"}],"collection":[{"href":"http:\/\/www.gerardbresson.fr\/index.php?rest_route=\/wp\/v2\/pages"}],"about":[{"href":"http:\/\/www.gerardbresson.fr\/index.php?rest_route=\/wp\/v2\/types\/page"}],"author":[{"embeddable":true,"href":"http:\/\/www.gerardbresson.fr\/index.php?rest_route=\/wp\/v2\/users\/1"}],"replies":[{"embeddable":true,"href":"http:\/\/www.gerardbresson.fr\/index.php?rest_route=%2Fwp%2Fv2%2Fcomments&post=4"}],"version-history":[{"count":7,"href":"http:\/\/www.gerardbresson.fr\/index.php?rest_route=\/wp\/v2\/pages\/4\/revisions"}],"predecessor-version":[{"id":344,"href":"http:\/\/www.gerardbresson.fr\/index.php?rest_route=\/wp\/v2\/pages\/4\/revisions\/344"}],"wp:attachment":[{"href":"http:\/\/www.gerardbresson.fr\/index.php?rest_route=%2Fwp%2Fv2%2Fmedia&parent=4"}],"curies":[{"name":"wp","href":"https:\/\/api.w.org\/{rel}","templated":true}]}}

<p align="justify"><a href="http://www.gerardbresson.fr/wp-content/uploads/2012/07/photo-GB.jpg"><img decoding="async" loading="lazy" class="alignnone size-medium wp-image-265" src="http://www.gerardbresson.fr/wp-content/uploads/2012/07/photo-GB-300x240.jpg" alt="photo GB" width="300" height="240" srcset="http://www.gerardbresson.fr/wp-content/uploads/2012/07/photo-GB-300x240.jpg 300w, http://www.gerardbresson.fr/wp-content/uploads/2012/07/photo-GB-1024x818.jpg 1024w" sizes="(max-width: 300px) 100vw, 300px" /></a></p>
<p style="text-align: left;" align="CENTER"><span style="font-family: 'Comic Sans MS', fantasy;"><span style="font-size: large;">Gérard a commencé sa carrière professionnelle comme Chirurgien-dentiste. Attaché à la faculté de Paris 7, il fait partie d&rsquo;un groupe de recherche, et dans ce cadre, illustre pendant plus de 20 ans des publications médicales et paramédicales</span></span></p>
<p style="text-align: left;" align="CENTER"><span style="font-family: 'Comic Sans MS', fantasy;"><span style="font-size: large;">Le dessin et la peinture l&rsquo;accompagnent jusqu&rsquo;à ce qu&rsquo;il découvre dans l&rsquo;atelier de Juan Carlos Carrillo à Châlons en Champagne: la sculpture en 1997<br />
</span></span><!--more--></p>
<p style="text-align: left;">Très rapidement il participe à des manifestations artistiques :</p>
<p style="text-align: left;"><span style="font-family: 'Comic Sans MS', fantasy;"><span style="font-size: large;">Il obtient le Prix d&rsquo;excellence au Festival International de Sculpture sur neige de Québec en 2004.<br />
Suivent sa participation en 2005 et 2006 au Salon des Indépendants à Paris,<br />
puis 4 sélections au Salon des Artistes Français en 2005, 2006, 2009,2012, 2013</span></span></p>
<p style="text-align: left;"><span style="font-family: 'Comic Sans MS', fantasy;"><span style="font-size: large;">Libéré de ses activités professionnelles, il s&rsquo;installe en Auvergne où il rejoint « Les Artistes d&rsquo;Auvergne » et l&rsquo;atelier des peintres du Cendre.</span></span></p>
<p style="text-align: left;"><span style="font-family: 'Comic Sans MS', fantasy;"><span style="font-size: large;">Il expose en indépendant à différents salons</span></span></p>
<p style="text-align: left;"><span style="font-family: 'Comic Sans MS', fantasy;"><span style="font-size: large;">2008 Grand Prix du Salon International de Haute-Loire au Puy en Velay</span></span></p>
<p style="text-align: left;"><span style="font-family: 'Comic Sans MS', fantasy;"><span style="font-size: large;">2010 Prix de la ville de Clermont-Fd au Salon des Artistes d&rsquo;Auvergne</span></span></p>
<p style="text-align: left;"><span style="font-family: 'Comic Sans MS', fantasy;"><span style="font-size: large;">2010 Grand Prix du salon et Médaille d&rsquo;Or du public à Rive-de-Gier</span></span></p>
<p style="text-align: left;"><span style="font-family: 'Comic Sans MS', fantasy;"><span style="font-size: large;">2011 médaillé d&rsquo;Or ( sculpture) au 24ème Carrefour des Arts de Chamalières</span></span></p>
<p style="text-align: left;"><span style="font-family: 'Comic Sans MS', fantasy;"><span style="font-size: large;">2012 Prix de Sculpture et Prix du Public à l&rsquo;Hivernal de Lyon,<br />
Médaillé d&rsquo;or au 30 ème salon du Val du Cher, à St Victor<br />
Lauréat au Carrefour des Arts à thème à Chamalières.<br />
Prix du Public au Salon International d&rsquo;Hyères dans le Var<br />
Médaillé d&rsquo;or et grand prix du public à Rive-de-Gier dans le Rhône</span></span></p>
<p style="text-align: left;"><span style="font-family: 'Comic Sans MS', fantasy;"><span style="font-size: large;">2013 Expositions personnelles à Blanzat, Ceyrat, Mirefleurs<br />
2014 Lauréat du salon de St Savin, Prix du public à Chaponost dans le Rhône<br />
2015 Lauréat des Rotariennes d&rsquo;Issoire<br />
</span></span></p>
<p style="text-align: left;"><span style="font-family: 'Comic Sans MS', fantasy;"><span style="font-size: large;">Il sera Invité d&rsquo;Honneur dans de nombreuses expositions:</span></span></p>
<p style="text-align: left;"><span style="font-family: 'Comic Sans MS', fantasy;"><span style="font-size: large;">2009 Au salon des armées du Sud-Est à Thiers,</span></span></p>
<p style="text-align: left;"><span style="font-family: 'Comic Sans MS', fantasy;"><span style="font-size: large;">à l&rsquo;exposition des Artistes d&rsquo;Auvergne à Clermont-Ferrand</span></span></p>
<p style="text-align: left;"><span style="font-family: 'Comic Sans MS', fantasy;"><span style="font-size: large;">2011 22ème salon des Artistes Chamalièrois,<br />
aux « Arts en Bourbonnais » à Vichy, puis à Cusset dans l&rsquo;Allier<br />
Busset et Orléat dans le Puy de Dôme<br />
au 34ème salon de Ternay dans le Rhône,</span></span></p>
<p style="text-align: left;"><span style="font-family: 'Comic Sans MS', fantasy;"><span style="font-size: large;">2012 St Laurent d&rsquo;Agny dans le Rhône, Salon international de Haute Loire au Puy en Velay<br />
2013 Salon Berthelot à Lyon, à Ambronay en Bourgogne,au Château de Talluy dans le Rhône</span></span></p>
<p style="text-align: left;"><span style="font-family: 'Comic Sans MS', fantasy;"><span style="font-size: large;">2014 37ème salon de St Florent sur Cher, 17ème exposition de St Savin dans le Rhône, 20ème salon d&rsquo;automne d&rsquo;Estivareilles, 17ème salon de Marsac en Livradois, Mozac en Auvergne</span></span></p>
<p style="text-align: left;"><span style="font-family: 'Comic Sans MS', fantasy;"><span style="font-size: large;">En plus du dessin et de son habilité manuelle, qui lui sont des dons naturels Gérard BRESSON possède l&rsquo;imagination. Nul ne peut regarder ses sculptures et prétendre en avoir vu une semblable quelque part<br />
</span></span></p>
<p style="text-align: left;"><span style="font-family: 'Comic Sans MS', fantasy;"><span style="font-size: large;">De son 1er métier, celui de dentiste, il a gardé l&rsquo;habilité manuelle, le sens du détail et une connaissance des matériaux qui lui permet de s&rsquo;affranchir des contraintes techniques pour laisser libre cours à son imagination.<br />
Il aime travailler l&rsquo;argile pour sa souplesse, son silence, sa douceur et son indulgence. Elle est pour lui la matière de la spontanéité.<br />
Il modèle des terres cuites finement travaillées, fait naître des figures féminines empreintes de douceur et de grâce. Maître de l&rsquo;équilibre et du mouvement, il saisit des instants de vie, fige une expression ou un geste fugace.<br />
Il met en relief ces moments privilégiés où la femme peut enfin être naturelle, sans artifices ni spectateurs. »Gérard Bresson ne crée pas des statues féminines, il sculpte le désir&#8230;l&rsquo;émotion&#8230;la sensualité.Il saisit des instants suspendus dans le temps, met en scène des moments sans importance, des histoires sans parole. Gérard Bresson sculpte la vie »<br />
Nées de ses mains de magicien, ces petits brins de femmes s&rsquo;animent, elles se libèrent de la pesanteur et s&rsquo;envolent de leur socle, légères, libres, vivantes.<br />
Cela paraît simple, naturel, évident.</span></span></p>

<p>Gérard a commencé sa carrière professionnelle comme Chirurgien-dentiste. Attaché à la faculté de Paris 7, il fait partie d&rsquo;un groupe de recherche, et dans ce cadre, illustre pendant plus de 20 ans des publications médicales et paramédicales Le dessin et &hellip; <a href="http://www.gerardbresson.fr/?page_id=4">Continuer la lecture <span class="meta-nav">&rarr;</span></a></p>
